3 + 2*q**2. Suppose 4*c = -3*t + 23, -4*t - 4*c + c + 26 = 0. What is x(t)?
-4
Let o(v) = -2*v**3 + v**2 + v. Let q be (1/2)/((-2)/4). Give o(q).
2
Let g = -82 + 74. Let s(l) = l**3 + 9*l**2 + 7*l + 3. Determine s(g).
11
Let t be -5*4/(20/(-3)). Suppose -5*j = -i - 10, 4*j + t = 2*i + 11. Let c(a) = -a**3 + 3*a**2 - a - 2. Let g be c(j). Let y(x) = -x**2 - x - 5. Determine y(g).
-5
Let p(y) = 9*y**3 - 1. Let b be (-4 - -5)*(4 - 1). Let i = 4 - b. Determine p(i).
8
Let b(c) = -21*c**2 + 0 + 19*c**2 + c - 2. Let k(i) = i**3 - 7*i**2 - 8*i + 3. Let f be k(8). Suppose -18 = -f*g + 4*h, 0 = g - 4*h - 11 - 3. Calculate b(g).
-8
Suppose -4*i + 179 = 67. Suppose 5*u + 19 = p, -5*u = -13 + i. Let n(h) = -h**2 + 3 + 7*h + 0*h**2 - 9. What is n(p)?
6
Let s(m) = -3*m**2 + 4*m + 13. Let f(t) = -t**2 + t + 4. Let g(a) = 7*f(a) - 2*s(a). Give g(2).
-4
Let m(w) = w**3 - 4*w**2 + 1. Let u(q) be the first derivative of q**4/4 - 4*q**3/3 + q**2 - 5*q - 3. Let j be u(4). Determine m(j).
-8
Suppose -5*y - 6 = -1. Let d(n) be the third derivative of n**6/40 + n**5/60 + n**4/24 + 15*n**2. Calculate d(y).
-3
Let s(z) = 6*z**2 + z + 1. Suppose -5*a - 2 = 3. Calculate s(a).
6
Let q(m) = -m + 10. Let z(s) = s**3 - 3*s**2 + 2. Let j be z(3). Suppose f - h - 11 = -0*h, -j*f + 37 = -5*h. Calculate q(f).
4
Let m(h) = -h**2 + 3*h - 2. Let w(u) = u**3 + 4*u**2 + u - 4. Let t be w(-3). Suppose 0 = -t*j + 6. Calculate m(j).
-2
Let q be (-2)/1*9/6. Let m be 2*((-6)/3 - q). Let d be ((-1)/(-1))/((-2)/m). Let g(j) = 6*j - 1. Calculate g(d).
-7
Let c(m) be the second derivative of -1/6*m**4 + 2/3*m**3 - 3/2*m**2 + 3*m + 0. Determine c(2).
-3
Let p(g) = -2*g**2 + g + 2. Suppose -6 + 4 = -o. Calculate p(o).
-4
Suppose l + 5*u = 7, 3*l - 2*u = -3 + 7. Let r(g) = g**2 - g + 2. What is r(l)?
4
Suppose -3*y + 2 = -4*n + 16, y - 17 = -3*n. Suppose -4*a - 4 + 12 = 0. Let x(r) = -1 + r**2 + 2 - 4*r + 0*r**a. Calculate x(n).
6
Suppose 2*o - 12 = -v, -6*o - 3*v = -2*o - 28. Let d(q) = 3*q + 6 - 3 - o. What is d(2)?
5
Let h(o) = -2*o - 6. Let i be (-1)/4 + 75/(-20). What is h(i)?
2
Let a(k) = -k**2 - 1. Let x be a(1). Let g(u) be the third derivative of -u**5/30 - u**4/12 + u**3/6 + 9*u**2. Give g(x).
-3
Let q(o) = -o**2 - 4*o + 2. Let u = -42 + 27. Let a = u + 8. Let r = -11 - a. Give q(r).
2
Let r(n) be the third derivative of n**5/30 + n**4/24 + n**3/3 - 31*n**2. Calculate r(-2).
8
Let q(d) = -4*d**3 - d**2 - 2*d - 1. Let z be q(-1). Let c(a) = -3*a + 8. Let f be c(z). Let h(m) = m - 1. Determine h(f).
-5
Suppose 3*o - 3 = -12, -z - 4*o - 19 = 0. Let j be z + (1 + 1 - 1). Let n(h) = 7 + 6*h + 9*h**2 - 3 - 8*h**2. What is n(j)?
4
Let g = 3 - 5. Let n(m) = -m**3 - 3*m**2 - 3*m - 1. Let b be n(g). Let p(f) = 5*f**3 - f**2 + 2*f - 1. Determine p(b).
5
Let j(c) = -5 + 3 + c + 1. Let q(l) = -4*l - 1. Suppose -2*o = 5*w - 6*w + 5, -2*w - o = -10. Let y(r) = w*j(r) + q(r). Give y(0).
-6
Let q = -22 + 46. Let k = 24 - q. Let w(h) = h**3 + h**2 - h - 2. Determine w(k).
-2
Let y(s) = s + 6. Let t be y(-8). Let n(d) = 12*d. Give n(t).
-24
Let n(x) = -6*x**2 - 2*x + 1. Let a = -10 - -19. Let k = a - 8. Give n(k).
-7
Let l(b) = -4*b**3 + 2*b - 1. Suppose -5 = -3*m - 2. Determine l(m).
-3
Let d be 140/(-6) - (-2)/(-3). Let u = d - -20. Let s(b) = 2*b + 0 + 4*b**2 - 5 - 3*b**2. Calculate s(u).
3
Let j(r) = r**3 - 4. Let b be j(0). Let n(h) = -6*h + 6 + 2*h - 4 + 6*h. Calculate n(b).
-6
Let z be 1/(3/(3*2)). Suppose -z*b - 2 = -b. Let o(v) = 2*v + 3. Give o(b).
-1
Let x(z) = z**2 + 1. Let g(y) = -4*y**2 - y - 9. Let c(v) = g(v) + 5*x(v). Determine c(4).
8
Let a(m) = 2*m + 1. Let x = 6 - 2. Suppose -3 = x*f - f. Calculate a(f).
-1
Suppose 3*j = j. Let m(d) = -2*d + j + 4 - 2 + 0. Determine m(2).
-2
Let s(y) = 6*y - 11*y + 3*y + 1 + 4*y. Let v = 8 + -5. What is s(v)?
7
Let n(s) = -2*s + 4. Let u = 0 - -4. Let w be 8/(-4 + u + 2). Determine n(w).
-4
Let j(m) = -m + 5. Let g(v) be the first derivative of v + 1. Let a(s) = 5. Let k(b) = -a(b) + 4*g(b). Let t(p) = -j(p) - 6*k(p). Determine t(-2).
-1
Let x(p) = -p**3 - 5*p**2 - 2*p + 7. Let t be (-76)/14 + 24/(-42) + 1. Give x(t).
17
Let s(w) = -w**3 - 3*w**2 + 2*w - 4. Let r be 2/(-5) - 108/30. Let f be s(r). Let t(d) = d**2 - 5*d. Determine t(f).
-4
Let z = -16 + 15. Let a(l) = l**2 - l - 1. Determine a(z).
1
Let r(q) = 5*q**3 - 12*q**2 - 11*q + 9. Let w(v) = 6*v**3 - 13*v**2 - 12*v + 10. Let u(h) = 7*r(h) - 6*w(h). Determine u(-5).
3
Let v(f) = -2*f + 1. Let h be v(2). Let m(k) = -k**2 - 10*k - 12. Let d be m(-8). Let a(t) = -1 + 0*t - t**2 + 3*t - d*t. Calculate a(h).
-7
Let d(l) = -l - 2. Let s be 1 - (2 - 2 - -3). Calculate d(s).
0
Let g be (6/(-15))/((-2)/10). Let u(h) = g*h**3 + 3 - h**3 + 5*h**2 - h**2. Calculate u(-4).
3
Let d be 2*(-1 + 3 + -1). Suppose 2*r - 3*q - 3 - 3 = 0, 5*r = d*q + 4. Let f(p) = -2*p + 2 + r + 6*p + 2*p**3 - 3*p**3 - 3*p**2. Give f(-3).
-10
Let f(t) = -t**2 + 5*t. Let o be (0 - 1) + 0 + -8. Let v be ((-12)/o)/((-1)/(-3)). Determine f(v).
4
Let z(f) = f**2 - 5*f - 3. Let a be (-2)/(-4) + 162/36. Determine z(a).
-3
Let h(w) = -w**2 - 18*w - 32. Let a be h(-16). Let g(t) = t + 19. Calculate g(a).
19
Suppose 1 = -4*a - 15. Let k(h) = 7*h**2 + 4*h - 2. Let r(q) = -13*q**2 - 8*q + 4. Let x(m) = -11*k(m) - 6*r(m). Give x(a).
-2
Let c(t) be the second derivative of 7*t**5/120 - t**4/8 + t**3/3 - 3*t. Let a(s) be the second derivative of c(s). Give a(2).
11
Suppose 4*a - 6 = a. Suppose q = -a*q. Let z(t) = t**3 - 3*t**2 + q*t**3 - 4 + t + 3. Give z(3).
2
Let u(v) be the first derivative of -v**3/3 + 9*v**2/2 - 2*v - 5. Determine u(6).
16
Let t be 4/(-5)*10/4. Let u(f) be the first derivative of 1/4*f**4 - f**2 + 1 - f + 2/3*f**3. Give u(t).
3
Suppose -4*g + 12 + 16 = 0. Let b(j) = -3*j + g*j - j + 6. Calculate b(-4).
-6
Let a(i) = -4*i. Let b(l) = l - 2. Let f(x) = -a(x) - 3*b(x). What is f(-6)?
0
Let o = 190 - 188. Let m(c) = 4*c**2 + 0*c + 2 - 4*c + 1 - c**3. Calculate m(o).
3
Let r(n) = -n - 5. Let a be r(-4). Let l(g) = 36*g**2 - 9*g - 4. Let k(z) = -9*z**2 + 2*z + 1. Let t(m) = 9*k(m) + 2*l(m). Determine t(a).
-8
Let p(s) be the second derivative of s**4/12 + s**3/6 - 3*s. Let u(l) = -l**2 + 5*l - 2. Let f be u(4). Suppose 0 = 2*q - 3*q - f. What is p(q)?
2
Let r(l) be the third derivative of -l**4/24 + l**3/3 - 2*l**2. Suppose -2*u + 5 = -5. What is r(u)?
-3
Let d(z) = z**2 - 3*z + 5. Let b(y) = -6*y**2 + 14*y - 24. Let a(k) = 2*b(k) + 11*d(k). Give a(-5).
7
Suppose -2*q + 47 = 5*a - 6*q, -11 = -2*a - q. Let u(d) = -2*d + 8. Calculate u(a).
-6
Let r(o) = -162*o**3 + 163*o**3 - 9 + 3. Calculate r(0).
-6
Let m be 3 + 1 + (1 - 2). Let k = 3 + -1. Suppose k*s + 3*g + 4 - m = 0, 0 = -3*g + 9. Let o(x) = -x**3 - 6*x**2 - 4*x + 4. Determine o(s).
-1
Let f be ((-6)/4)/((-3)/(-8)). Let v(d) be the first derivative of 5/3*d**3 + 2 + 1/4*d**4 + 3*d + 2*d**2. Determine v(f).
3
Let k(l) = 4 + l - l + l. Let s be 12/(-4)*(-1)/(-1). Calculate k(s).
1
Let c(y) = 3 + 3*y - y + y. Let t(x) = x + 2. Let h(b) = -3*c(b) + 7*t(b). What is h(4)?
-3
Let x(y) be the third derivative of y**5/60 + 7*y**4/24 + 7*y**3/6 - 5*y**2. Suppose 7*t - 2*t = -2*l - 12, 3*t = -4*l - 24. Calculate x(l).
1
Let z(b) = -3*b + 6. Let y be (-592)/(-20) + 2/5. Let x be y/(-7) - (-12)/42. Let l(h) = -h + 1. Let i be l(x). Determine z(i).
-9
Suppose 0 = -6*x + 3*x - 18. Let b(h) = -h**3 - 6*h**2 + h + 6. Calculate b(x).
0
Let c(s) = 3*s - s - 6 + 0 - 6. Give c(8).
4
Let z(g) be the second derivative of g**8/3360 + g**7/1260 + g**6/720 + g**5/120 + g**4/4 + 3*g. Let y(a) be the third derivative of z(a). Give y(-2).
-9
Let s(y) be the third derivative of -y**5/30 + 5*y**4/24 - y**3/2 + 33*y**2. What is s(3)?
-6
Let t be 1/((3/3)/(-7)). Let n = t + 2. Let i(o) be the third derivative of -o**4/24 - 3*o**3/2 + o**2. What is i(n)?
-4
Let z(r) = -7*r + 12. Let w(u) = 3*u - 4. Let v(j) = 8*w(j) + 3*z(j). What is v(-2)?
-2
Let h(a) be the third derivative of a**4/24 + 5*a**2. Give h(0).
0
Suppose 0*n = 3*n + 6. Suppose -2*m - 14 = -26. Let a(g) = g**2 - g. Let l(q) = 5*q**2 - 4*q. Let v(i) = m*a(i) - l(i). Calculate v(n).
8
Let i(p) = -p**2 - 7*p - 3. Let l(d) = -d**2 + d - 2. Let b be l(2). Calculate i(b).
9
Let m(a) be the second derivative of -a**3/3 + 22*a - 2. Determine m(3).
-6
